{"id":6770,"date":"2019-10-20T13:38:27","date_gmt":"2019-10-20T13:38:27","guid":{"rendered":"https:\/\/www.orquestraouropreto.com.br\/site\/?page_id=6770"},"modified":"2020-09-28T17:25:03","modified_gmt":"2020-09-28T17:25:03","slug":"fique_por_dentro","status":"publish","type":"page","link":"https:\/\/www.orquestraouropreto.com.br\/site\/fique_por_dentro\/","title":{"rendered":"Fique por dentro!"},"content":{"rendered":"[vc_row type=&#8221;full_width_background&#8221; full_screen_row_position=&#8221;middle&#8221; scene_position=&#8221;center&#8221; text_color=&#8221;dark&#8221; text_align=&#8221;left&#8221; top_padding=&#8221;30&#8243; bottom_padding=&#8221;30&#8243; overlay_strength=&#8221;0.3&#8243; shape_divider_position=&#8221;bottom&#8221; shape_type=&#8221;&#8221;][vc_column column_padding=&#8221;no-extra-padding&#8221; column_padding_position=&#8221;all&#8221; background_color_opacity=&#8221;1&#8243; background_hover_color_opacity=&#8221;1&#8243; column_shadow=&#8221;none&#8221; column_border_radius=&#8221;none&#8221; width=&#8221;1\/3&#8243; tablet_text_alignment=&#8221;default&#8221; phone_text_alignment=&#8221;default&#8221; column_border_width=&#8221;none&#8221; column_border_style=&#8221;solid&#8221;]<div class=\"divider-wrap\"><div style=\"height: 40px;\" class=\"divider\"><\/div><\/div>[vc_column_text]\n<h3>Fique por dentro!<\/h3>\n<p>Receba, em primeira m\u00e3o, datas de apresenta\u00e7\u00f5es, novidades e o universo da Orquestra Ouro Preto![\/vc_column_text]<div class=\"divider-wrap\"><div style=\"height: 40px;\" class=\"divider\"><\/div><\/div>[vc_column_text]<b>Telefone<\/b>:\u00a031 3551 1228<br \/>\n<b>Email<\/b>:\u00a0<a href=\"mailto:orquestra@orquestraouropreto.com.br\">orquestra@orquestraouropreto.com.br<\/a>[\/vc_column_text][\/vc_column][vc_column column_padding=&#8221;no-extra-padding&#8221; column_padding_position=&#8221;all&#8221; background_color_opacity=&#8221;1&#8243; background_hover_color_opacity=&#8221;1&#8243; column_shadow=&#8221;none&#8221; column_border_radius=&#8221;none&#8221; width=&#8221;2\/3&#8243; tablet_text_alignment=&#8221;default&#8221; phone_text_alignment=&#8221;default&#8221; column_border_width=&#8221;none&#8221; column_border_style=&#8221;solid&#8221;][vc_raw_html]JTNDbGluayUyMGhyZWYlM0QlMjIlMkYlMkZjZG4taW1hZ2VzLm1haWxjaGltcC5jb20lMkZlbWJlZGNvZGUlMkZjbGFzc2ljLTEwXzcuY3NzJTIyJTIwcmVsJTNEJTIyc3R5bGVzaGVldCUyMiUyMHR5cGUlM0QlMjJ0ZXh0JTJGY3NzJTIyJTNFJTBBJTNDZGl2JTIwaWQlM0QlMjJtY19lbWJlZF9zaWdudXAlMjIlM0UlMEElM0Nmb3JtJTIwYWN0aW9uJTNEJTIyaHR0cHMlM0ElMkYlMkZvcnF1ZXN0cmFvdXJvcHJldG8udXMyMC5saXN0LW1hbmFnZS5jb20lMkZzdWJzY3JpYmUlMkZwb3N0JTNGdSUzRGU5OGY2ZDgzOGJlNzQ0YTk3ODI0Y2E4NDElMjZhbXAlM0JpZCUzRDhlNDQ5NmQ1MjElMjIlMjBtZXRob2QlM0QlMjJwb3N0JTIyJTIwaWQlM0QlMjJtYy1lbWJlZGRlZC1zdWJzY3JpYmUtZm9ybSUyMiUyMG5hbWUlM0QlMjJtYy1lbWJlZGRlZC1zdWJzY3JpYmUtZm9ybSUyMiUyMGNsYXNzJTNEJTIydmFsaWRhdGUlMjIlMjB0YXJnZXQlM0QlMjJfYmxhbmslMjIlMjBub3ZhbGlkYXRlJTNFJTBBJTIwJTIwJTIwJTIwJTNDZGl2JTIwaWQlM0QlMjJtY19lbWJlZF9zaWdudXBfc2Nyb2xsJTIyJTNFJTBBJTA5JTBBJTNDZGl2JTIwY2xhc3MlM0QlMjJpbmRpY2F0ZXMtcmVxdWlyZWQlMjIlM0UlM0NzcGFuJTIwY2xhc3MlM0QlMjJhc3RlcmlzayUyMiUzRSUyQSUzQyUyRnNwYW4lM0UlMjBjYW1wbyUyMG9icmlnYXQlQzMlQjNyaW8lM0MlMkZkaXYlM0UlMEElM0NkaXYlMjBjbGFzcyUzRCUyMm1jLWZpZWxkLWdyb3VwJTIyJTNFJTBBJTA5JTNDbGFiZWwlMjBmb3IlM0QlMjJtY2UtRU1BSUwlMjIlM0VFLW1haWwlMjAlMjAlM0NzcGFuJTIwY2xhc3MlM0QlMjJhc3RlcmlzayUyMiUzRSUyQSUzQyUyRnNwYW4lM0UlMEElM0MlMkZsYWJlbCUzRSUwQSUwOSUzQ2lucHV0JTIwdHlwZSUzRCUyMmVtYWlsJTIyJTIwdmFsdWUlM0QlMjIlMjIlMjBuYW1lJTNEJTIyRU1BSUwlMjIlMjBjbGFzcyUzRCUyMnJlcXVpcmVkJTIwZW1haWwlMjIlMjBpZCUzRCUyMm1jZS1FTUFJTCUyMiUzRSUwQSUzQyUyRmRpdiUzRSUwQSUzQ2RpdiUyMGNsYXNzJTNEJTIybWMtZmllbGQtZ3JvdXAlMjIlM0UlMEElMDklM0NsYWJlbCUyMGZvciUzRCUyMm1jZS1GTkFNRSUyMiUzRVByaW1laXJvJTIwTm9tZSUyMCUzQyUyRmxhYmVsJTNFJTBBJTA5JTNDaW5wdXQlMjB0eXBlJTNEJTIydGV4dCUyMiUyMHZhbHVlJTNEJTIyJTIyJTIwbmFtZSUzRCUyMkZOQU1FJTIyJTIwY2xhc3MlM0QlMjIlMjIlMjBpZCUzRCUyMm1jZS1GTkFNRSUyMiUzRSUwQSUzQyUyRmRpdiUzRSUwQSUzQ2RpdiUyMGNsYXNzJTNEJTIybWMtZmllbGQtZ3JvdXAlMjIlM0UlMEElMDklM0NsYWJlbCUyMGZvciUzRCUyMm1jZS1MTkFNRSUyMiUzRVNvYnJlbm9tZSUyMCUzQyUyRmxhYmVsJTNFJTBBJTA5JTNDaW5wdXQlMjB0eXBlJTNEJTIydGV4dCUyMiUyMHZhbHVlJTNEJTIyJTIyJTIwbmFtZSUzRCUyMkxOQU1FJTIyJTIwY2xhc3MlM0QlMjIlMjIlMjBpZCUzRCUyMm1jZS1MTkFNRSUyMiUzRSUwQSUzQyUyRmRpdiUzRSUwQSUzQ2RpdiUyMGNsYXNzJTNEJTIybWMtZmllbGQtZ3JvdXAlMjBzaXplMW9mMiUyMiUzRSUwQSUwOSUzQ2xhYmVsJTIwZm9yJTNEJTIybWNlLUJJUlRIREFZLW1vbnRoJTIyJTNFQW5pdmVycyVDMyVBMXJpbyUyMCUzQyUyRmxhYmVsJTNFJTBBJTA5JTNDZGl2JTIwY2xhc3MlM0QlMjJkYXRlZmllbGQlMjIlM0UlMEElMDklMDklM0NzcGFuJTIwY2xhc3MlM0QlMjJzdWJmaWVsZCUyMG1vbnRoZmllbGQlMjIlM0UlM0NpbnB1dCUyMGNsYXNzJTNEJTIyYmlydGhkYXklMjAlMjIlMjB0eXBlJTNEJTIydGV4dCUyMiUyMHBhdHRlcm4lM0QlMjIlNUIwLTklNUQlMkElMjIlMjB2YWx1ZSUzRCUyMiUyMiUyMHBsYWNlaG9sZGVyJTNEJTIyTU0lMjIlMjBzaXplJTNEJTIyMiUyMiUyMG1heGxlbmd0aCUzRCUyMjIlMjIlMjBuYW1lJTNEJTIyQklSVEhEQVklNUJtb250aCU1RCUyMiUyMGlkJTNEJTIybWNlLUJJUlRIREFZLW1vbnRoJTIyJTNFJTNDJTJGc3BhbiUzRSUyMCUyRiUyMCUwQSUwOSUwOSUzQ3NwYW4lMjBjbGFzcyUzRCUyMnN1YmZpZWxkJTIwZGF5ZmllbGQlMjIlM0UlM0NpbnB1dCUyMGNsYXNzJTNEJTIyYmlydGhkYXklMjAlMjIlMjB0eXBlJTNEJTIydGV4dCUyMiUyMHBhdHRlcm4lM0QlMjIlNUIwLTklNUQlMkElMjIlMjB2YWx1ZSUzRCUyMiUyMiUyMHBsYWNlaG9sZGVyJTNEJTIyREQlMjIlMjBzaXplJTNEJTIyMiUyMiUyMG1heGxlbmd0aCUzRCUyMjIlMjIlMjBuYW1lJTNEJTIyQklSVEhEQVklNUJkYXklNUQlMjIlMjBpZCUzRCUyMm1jZS1CSVJUSERBWS1kYXklMjIlM0UlM0MlMkZzcGFuJTNFJTIwJTBBJTA5JTA5JTNDc3BhbiUyMGNsYXNzJTNEJTIyc21hbGwtbWV0YSUyMG5vd3JhcCUyMiUzRSUyOCUyMG1tJTIwJTJGJTIwZGQlMjAlMjklM0MlMkZzcGFuJTNFJTBBJTA5JTNDJTJGZGl2JTNFJTBBJTNDJTJGZGl2JTNFJTA5JTNDZGl2JTIwaWQlM0QlMjJtY2UtcmVzcG9uc2VzJTIyJTIwY2xhc3MlM0QlMjJjbGVhciUyMiUzRSUwQSUwOSUwOSUzQ2RpdiUyMGNsYXNzJTNEJTIycmVzcG9uc2UlMjIlMjBpZCUzRCUyMm1jZS1lcnJvci1yZXNwb25zZSUyMiUyMHN0eWxlJTNEJTIyZGlzcGxheSUzQW5vbmUlMjIlM0UlM0MlMkZkaXYlM0UlMEElMDklMDklM0NkaXYlMjBjbGFzcyUzRCUyMnJlc3BvbnNlJTIyJTIwaWQlM0QlMjJtY2Utc3VjY2Vzcy1yZXNwb25zZSUyMiUyMHN0eWxlJTNEJTIyZGlzcGxheSUzQW5vbmUlMjIlM0UlM0MlMkZkaXYlM0UlMEElMDklM0MlMkZkaXYlM0UlMjAlMjAlMjAlMjAlM0MlMjEtLSUyMHJlYWwlMjBwZW9wbGUlMjBzaG91bGQlMjBub3QlMjBmaWxsJTIwdGhpcyUyMGluJTIwYW5kJTIwZXhwZWN0JTIwZ29vZCUyMHRoaW5ncyUyMC0lMjBkbyUyMG5vdCUyMHJlbW92ZSUyMHRoaXMlMjBvciUyMHJpc2slMjBmb3JtJTIwYm90JTIwc2lnbnVwcy0tJTNFJTBBJTIwJTIwJTIwJTIwJTNDZGl2JTIwc3R5bGUlM0QlMjJwb3NpdGlvbiUzQSUyMGFic29sdXRlJTNCJTIwbGVmdCUzQSUyMC01MDAwcHglM0IlMjIlMjBhcmlhLWhpZGRlbiUzRCUyMnRydWUlMjIlM0UlM0NpbnB1dCUyMHR5cGUlM0QlMjJ0ZXh0JTIyJTIwbmFtZSUzRCUyMmJfZTk4ZjZkODM4YmU3NDRhOTc4MjRjYTg0MV84ZTQ0OTZkNTIxJTIyJTIwdGFiaW5kZXglM0QlMjItMSUyMiUyMHZhbHVlJTNEJTIyJTIyJTNFJTNDJTJGZGl2JTNFJTBBJTIwJTIwJTIwJTIwJTNDZGl2JTIwY2xhc3MlM0QlMjJjbGVhciUyMiUzRSUzQ2lucHV0JTIwdHlwZSUzRCUyMnN1Ym1pdCUyMiUyMHZhbHVlJTNEJTIyRmF6ZXIlMjBwYXJ0ZSUyMGRhJTIwbGlzdGElMjElMjIlMjBuYW1lJTNEJTIyc3Vic2NyaWJlJTIyJTIwaWQlM0QlMjJtYy1lbWJlZGRlZC1zdWJzY3JpYmUlMjIlMjBjbGFzcyUzRCUyMmJ1dHRvbiUyMiUzRSUzQyUyRmRpdiUzRSUwQSUyMCUyMCUyMCUyMCUzQyUyRmRpdiUzRSUwQSUzQyUyRmZvcm0lM0UlMEElM0MlMkZkaXYlM0UlMEElM0NzY3JpcHQlMjB0eXBlJTNEJTI3dGV4dCUyRmphdmFzY3JpcHQlMjclMjBzcmMlM0QlMjclMkYlMkZzMy5hbWF6b25hd3MuY29tJTJGZG93bmxvYWRzLm1haWxjaGltcC5jb20lMkZqcyUyRm1jLXZhbGlkYXRlLmpzJTI3JTNFJTNDJTJGc2NyaXB0JTNFJTNDc2NyaXB0JTIwdHlwZSUzRCUyN3RleHQlMkZqYXZhc2NyaXB0JTI3JTNFJTI4ZnVuY3Rpb24lMjglMjQlMjklMjAlN0J3aW5kb3cuZm5hbWVzJTIwJTNEJTIwbmV3JTIwQXJyYXklMjglMjklM0IlMjB3aW5kb3cuZnR5cGVzJTIwJTNEJTIwbmV3JTIwQXJyYXklMjglMjklM0JmbmFtZXMlNUIwJTVEJTNEJTI3RU1BSUwlMjclM0JmdHlwZXMlNUIwJTVEJTNEJTI3ZW1haWwlMjclM0JmbmFtZXMlNUIxJTVEJTNEJTI3Rk5BTUUlMjclM0JmdHlwZXMlNUIxJTVEJTNEJTI3dGV4dCUyNyUzQmZuYW1lcyU1QjIlNUQlM0QlMjdMTkFNRSUyNyUzQmZ0eXBlcyU1QjIlNUQlM0QlMjd0ZXh0JTI3JTNCZm5hbWVzJTVCMyU1RCUzRCUyN0FERFJFU1MlMjclM0JmdHlwZXMlNUIzJTVEJTNEJTI3YWRkcmVzcyUyNyUzQmZuYW1lcyU1QjQlNUQlM0QlMjdQSE9ORSUyNyUzQmZ0eXBlcyU1QjQlNUQlM0QlMjdwaG9uZSUyNyUzQmZuYW1lcyU1QjUlNUQlM0QlMjdCSVJUSERBWSUyNyUzQmZ0eXBlcyU1QjUlNUQlM0QlMjdiaXJ0aGRheSUyNyUzQiUyMCUyRiUyQSUyQSUwQSUyMCUyQSUyMFRyYW5zbGF0ZWQlMjBkZWZhdWx0JTIwbWVzc2FnZXMlMjBmb3IlMjB0aGUlMjAlMjQlMjB2YWxpZGF0aW9uJTIwcGx1Z2luLiUwQSUyMCUyQSUyMExvY2FsZSUzQSUyMFBUX1BUJTBBJTIwJTJBJTJGJTBBJTI0LmV4dGVuZCUyOCUyNC52YWxpZGF0b3IubWVzc2FnZXMlMkMlMjAlN0IlMEElMDlyZXF1aXJlZCUzQSUyMCUyMkNhbXBvJTIwZGUlMjBwcmVlbmNoaW1lbnRvJTIwb2JyaWdhdCUyNm9hY3V0ZSUzQnJpby4lMjIlMkMlMEElMDlyZW1vdGUlM0ElMjAlMjJQb3IlMjBmYXZvciUyQyUyMGNvcnJpamElMjBlc3RlJTIwY2FtcG8uJTIyJTJDJTBBJTA5ZW1haWwlM0ElMjAlMjJQb3IlMjBmYXZvciUyQyUyMGludHJvZHV6YSUyMHVtJTIwZW5kZXJlJTI2Y2NlZGlsJTNCbyUyMGVsZXRyJTI2b2FjdXRlJTNCbmljbyUyMHYlMjZhYWN1dGUlM0JsaWRvLiUyMiUyQyUwQSUwOXVybCUzQSUyMCUyMlBvciUyMGZhdm9yJTJDJTIwaW50cm9kdXphJTIwdW0lMjBVUkwlMjB2JTI2YWFjdXRlJTNCbGlkby4lMjIlMkMlMEElMDlkYXRlJTNBJTIwJTIyUG9yJTIwZmF2b3IlMkMlMjBpbnRyb2R1emElMjB1bWElMjBkYXRhJTIwdiUyNmFhY3V0ZSUzQmxpZGEuJTIyJTJDJTBBJTA5ZGF0ZUlTTyUzQSUyMCUyMlBvciUyMGZhdm9yJTJDJTIwaW50cm9kdXphJTIwdW1hJTIwZGF0YSUyMHYlMjZhYWN1dGUlM0JsaWRhJTIwJTI4SVNPJTI5LiUyMiUyQyUwQSUwOW51bWJlciUzQSUyMCUyMlBvciUyMGZhdm9yJTJDJTIwaW50cm9kdXphJTIwdW0lMjBuJTI2dWFjdXRlJTNCbWVybyUyMHYlMjZhYWN1dGUlM0JsaWRvLiUyMiUyQyUwQSUwOWRpZ2l0cyUzQSUyMCUyMlBvciUyMGZhdm9yJTJDJTIwaW50cm9kdXphJTIwYXBlbmFzJTIwZCUyNmlhY3V0ZSUzQmdpdG9zLiUyMiUyQyUwQSUwOWNyZWRpdGNhcmQlM0ElMjAlMjJQb3IlMjBmYXZvciUyQyUyMGludHJvZHV6YSUyMHVtJTIwbiUyNnVhY3V0ZSUzQm1lcm8lMjBkZSUyMGNhcnQlMjZhdGlsZGUlM0JvJTIwZGUlMjBjciUyNmVhY3V0ZSUzQmRpdG8lMjB2JTI2YWFjdXRlJTNCbGlkby4lMjIlMkMlMEElMDllcXVhbFRvJTNBJTIwJTIyUG9yJTIwZmF2b3IlMkMlMjBpbnRyb2R1emElMjBkZSUyMG5vdm8lMjBvJTIwbWVzbW8lMjB2YWxvci4lMjIlMkMlMEElMDlhY2NlcHQlM0ElMjAlMjJQb3IlMjBmYXZvciUyQyUyMGludHJvZHV6YSUyMHVtJTIwZmljaGVpcm8lMjBjb20lMjB1bWElMjBleHRlbnMlMjZhdGlsZGUlM0JvJTIwdiUyNmFhY3V0ZSUzQmxpZGEuJTIyJTJDJTBBJTA5bWF4bGVuZ3RoJTNBJTIwJTI0LnZhbGlkYXRvci5mb3JtYXQlMjglMjJQb3IlMjBmYXZvciUyQyUyMG4lMjZhdGlsZGUlM0JvJTIwaW50cm9kdXphJTIwbWFpcyUyMGRvJTIwcXVlJTIwJTdCMCU3RCUyMGNhcmFjdGVyZXMuJTIyJTI5JTJDJTBBJTA5bWlubGVuZ3RoJTNBJTIwJTI0LnZhbGlkYXRvci5mb3JtYXQlMjglMjJQb3IlMjBmYXZvciUyQyUyMGludHJvZHV6YSUyMHBlbG8lMjBtZW5vcyUyMCU3QjAlN0QlMjBjYXJhY3RlcmVzLiUyMiUyOSUyQyUwQSUwOXJhbmdlbGVuZ3RoJTNBJTIwJTI0LnZhbGlkYXRvci5mb3JtYXQlMjglMjJQb3IlMjBmYXZvciUyQyUyMGludHJvZHV6YSUyMGVudHJlJTIwJTdCMCU3RCUyMGUlMjAlN0IxJTdEJTIwY2FyYWN0ZXJlcy4lMjIlMjklMkMlMEElMDlyYW5nZSUzQSUyMCUyNC52YWxpZGF0b3IuZm9ybWF0JTI4JTIyUG9yJTIwZmF2b3IlMkMlMjBpbnRyb2R1emElMjB1bSUyMHZhbG9yJTIwZW50cmUlMjAlN0IwJTdEJTIwZSUyMCU3QjElN0QuJTIyJTI5JTJDJTBBJTA5bWF4JTNBJTIwJTI0LnZhbGlkYXRvci5mb3JtYXQlMjglMjJQb3IlMjBmYXZvciUyQyUyMGludHJvZHV6YSUyMHVtJTIwdmFsb3IlMjBtZW5vciUyMG91JTIwaWd1YWwlMjBhJTIwJTdCMCU3RC4lMjIlMjklMkMlMEElMDltaW4lM0ElMjAlMjQudmFsaWRhdG9yLmZvcm1hdCUyOCUyMlBvciUyMGZhdm9yJTJDJTIwaW50cm9kdXphJTIwdW0lMjB2YWxvciUyMG1haW9yJTIwb3UlMjBpZ3VhbCUyMGElMjAlN0IwJTdELiUyMiUyOSUwQSU3RCUyOSUzQiU3RCUyOGpRdWVyeSUyOSUyOSUzQnZhciUyMCUyNG1jaiUyMCUzRCUyMGpRdWVyeS5ub0NvbmZsaWN0JTI4dHJ1ZSUyOSUzQiUzQyUyRnNjcmlwdCUzRSUwQQ==[\/vc_raw_html][\/vc_column][\/vc_row]\n","protected":false},"excerpt":{"rendered":"<p>[vc_row type=&#8221;full_width_background&#8221; full_screen_row_position=&#8221;middle&#8221; scene_position=&#8221;center&#8221; text_color=&#8221;dark&#8221; text_align=&#8221;left&#8221; top_padding=&#8221;30&#8243; bottom_padding=&#8221;30&#8243; overlay_strength=&#8221;0.3&#8243; shape_divider_position=&#8221;bottom&#8221; shape_type=&#8221;&#8221;][vc_column column_padding=&#8221;no-extra-padding&#8221; column_padding_position=&#8221;all&#8221; background_color_opacity=&#8221;1&#8243; background_hover_color_opacity=&#8221;1&#8243; column_shadow=&#8221;none&#8221; column_border_radius=&#8221;none&#8221; width=&#8221;1\/3&#8243; tablet_text_alignment=&#8221;default&#8221; phone_text_alignment=&#8221;default&#8221; column_border_width=&#8221;none&#8221; column_border_style=&#8221;solid&#8221;][vc_column_text] Fique por dentro! Receba, em primeira m\u00e3o, datas&#8230;<\/p>\n","protected":false},"author":1,"featured_media":0,"parent":0,"menu_order":8,"comment_status":"open","ping_status":"open","template":"","meta":{"footnotes":""},"class_list":["post-6770","page","type-page","status-publish"],"_links":{"self":[{"href":"https:\/\/www.orquestraouropreto.com.br\/site\/wp-json\/wp\/v2\/pages\/6770","targetHints":{"allow":["GET"]}}],"collection":[{"href":"https:\/\/www.orquestraouropreto.com.br\/site\/wp-json\/wp\/v2\/pages"}],"about":[{"href":"https:\/\/www.orquestraouropreto.com.br\/site\/wp-json\/wp\/v2\/types\/page"}],"author":[{"embeddable":true,"href":"https:\/\/www.orquestraouropreto.com.br\/site\/wp-json\/wp\/v2\/users\/1"}],"replies":[{"embeddable":true,"href":"https:\/\/www.orquestraouropreto.com.br\/site\/wp-json\/wp\/v2\/comments?post=6770"}],"version-history":[{"count":13,"href":"https:\/\/www.orquestraouropreto.com.br\/site\/wp-json\/wp\/v2\/pages\/6770\/revisions"}],"predecessor-version":[{"id":7251,"href":"https:\/\/www.orquestraouropreto.com.br\/site\/wp-json\/wp\/v2\/pages\/6770\/revisions\/7251"}],"wp:attachment":[{"href":"https:\/\/www.orquestraouropreto.com.br\/site\/wp-json\/wp\/v2\/media?parent=6770"}],"curies":[{"name":"wp","href":"https:\/\/api.w.org\/{rel}","templated":true}]}}